w - 4 + 1 - 3. Calculate f(-4).
2
Suppose 4*t - 14 + 2 = 5*j, 0 = -4*t + 12. Let r(w) = 1 - 1 - w. Determine r(j).
0
Let c(k) = -2*k**3 + 3*k**2 + 2. Let g(n) = 5*n**3 - 6*n**2 - 4. Let w(u) = 7*c(u) + 3*g(u). Calculate w(-3).
2
Let z(y) be the second derivative of 2*y + 1/60*y**5 + 1/120*y**6 - 1/2*y**3 - 1/2*y**2 + 0*y**4 + 0. Let h(g) be the first derivative of z(g). What is h(0)?
-3
Let y(q) = -8*q - 7. Let n = 10 - 16. Let r(s) = -2 + 8 + 6*s + s. Let t(w) = n*r(w) - 5*y(w). What is t(-1)?
1
Let u(a) = -a**3 + a - 12. Suppose 0*s = 3*s. Let x(z) = z**2 - 3*z - 13. Let r be x(-3). Suppose s*j - j = 5*m, 0 = -r*m. Determine u(j).
-12
Suppose -5*y = -12*y + 21. Let g(u) = 2*u**2 - 3*u - 3. Determine g(y).
6
Let h = -3 - -28. Let s = h - 15. Suppose a + a + s = 0. Let b(i) = i + 3. Calculate b(a).
-2
Let f(u) = -u**3 - 4*u**2 + 5*u - 6. Suppose -h + 2 = 7. Let k be f(h). Let q(p) = 2*p + 1. Determine q(k).
-11
Let u be (-1)/(-6) + 472/48. Let i = u + -6. Let f(m) = m - 2. Give f(i).
2
Suppose -s + 0*u = -2*u - 13, -3*u = -4*s + 27. Let y(j) = -3*j**2 - 2*j + 4 - 5 + 4*j**2. Determine y(s).
2
Let m(o) = o**3 + 2*o**2 + 2*o - 2. Let z be 2 - (-3 - (-1 + 0)). Let r = z + -2. Let s = r + -4. Give m(s).
-6
Let n(o) = -o - 15. Let v be n(-7). Let j(b) = b + 1. What is j(v)?
-7
Let h(a) be the first derivative of -a**7/840 + a**5/40 + a**4/12 + 4*a**3/3 + 3. Let r(w) be the third derivative of h(w). Give r(-2).
4
Let o(f) = -915 - 5*f + 6*f + 909. Calculate o(6).
0
Suppose g + g = 10. Suppose d + g*p + 3 = 0, 12 = 5*d - p + 1. Let y(o) = -3*o**d + 0 - 1 + 0. Calculate y(1).
-4
Let a(z) be the third derivative of -z**6/120 + z**5/10 - z**4/3 + 5*z**3/6 - 2*z**2. Suppose 0 = -j - 0 + 5. What is a(j)?
-10
Let d be (-246)/30 - 12/15. Let h(o) = o + 17. What is h(d)?
8
Let s(y) = -y**3 - 6*y**2 - 7*y + 2. Let z be s(-5). Let g(u) = z + 13 - 3*u + 2*u - 26. Give g(5).
-6
Let c be -5*(0 + (-6)/5). Let l(a) = -9*a + 1. Let j(g) = -8*g + 1. Let b(d) = c*l(d) - 7*j(d). Let h be b(-1). Let i(r) = -r - 2. Calculate i(h).
1
Let q = 202 + -206. Let i(p) = -2*p + 4. Calculate i(q).
12
Let x(r) = -3*r + r**2 + 2*r + 2*r + 4. Let t(a) = -2 + 0 - a + 0*a + 0*a. Let u be t(-2). Give x(u).
4
Let i(c) = 7 + 17*c - 10*c - 8*c. Calculate i(3).
4
Let b(l) = l**2 + 8*l - 3. Let x(z) = -5*z - 38. Let j be x(-6). Give b(j).
-3
Let o(a) = 8*a + 3. Suppose -12 = -5*v - 2. Suppose v*s + 4*w - 31 = -1, 0 = -5*s - 2*w + 51. Let h(d) = 31*d + 13. Let b(n) = s*o(n) - 2*h(n). Determine b(-1).
-9
Suppose -m + 80 = 5*k - 31, 3*k + 4*m = 70. Let f be (-77)/k - 1/(-2). Let n(i) be the second derivative of -i**3/6 + 3*i**2/2 - 3*i. Calculate n(f).
6
Suppose -14*h + 6 = -11*h. Let l(z) = 60 + z**2 - 58 - 2*z - h*z**2. Give l(-3).
-1
Suppose 0 = z + 2*z - 15. Let i(k) = 3*k**2 - 6 + 0*k**2 + k**2 - 5*k**2 + 7*k. Calculate i(z).
4
Let q(z) = z**3 + 5*z**2 + 4*z + 5. Let u be -3*(-3 - 39/(-9)). Let b be q(u). Let f(c) = 6 - 5 + 4*c + c**2 - b. Calculate f(-5).
1
Let q(i) = -2*i + 3. Let m(t) = -t**2 + 12*t - 16. Let f be m(11). Calculate q(f).
13
Let r(j) = -j**2 + 6*j + 1. Suppose 57 = 6*n + 15. What is r(n)?
-6
Let m(z) = -z + 14. Let a(o) = -o + 13. Let c(x) = 4*a(x) - 3*m(x). Calculate c(5).
5
Let k(c) = -4*c**2 - c. Let t(b) = 15*b**2 + 4*b. Let m(o) = 22*k(o) + 6*t(o). Let v be m(-2). Let x(q) = q - 4. Give x(v).
0
Let d(i) be the first derivative of 3 + 1/2*i**2 + 5*i. Calculate d(-3).
2
Suppose -s + 12 = -4*s, -s = -4*h - 12. Let k(v) = -v**3 - 3*v**2 + 5*v. What is k(h)?
-4
Suppose -2*c + 5*d + 14 = 6, 4*c + d = -28. Let u(b) = -b**3 - 6*b**2 - 6. Let i be u(c). Let v(x) = -3*x - 9. What is v(i)?
9
Let v(x) = x**2 + 3*x + 1. Suppose 13 = -3*j - 0*f + f, 4*j - 4*f + 4 = 0. Suppose -2*u + 14 = -14. Let i be (-21)/u*(-8)/j. Give v(i).
-1
Let u(o) = o**2 - 2*o + 1. Let a(q) be the third derivative of q**6/120 - q**5/10 - q**4/24 + 4*q**3/3 + q**2. Let w be a(6). Determine u(w).
1
Let y(u) = 6*u + 7. Let k(d) = -d. Let b(j) = 3*k(j) + y(j). Let x be b(6). Suppose p = 0, 5*z + p + x = -p. Let i(n) = n + 3. Determine i(z).
-2
Let j = 32 + -17. Let i = j + -13. Let g(n) = -n + n**3 + 0*n**3 - n**2 - n**2. What is g(i)?
-2
Let d(h) be the first derivative of -h**3/3 - 3*h**2/2 + 7*h - 7. Calculate d(-5).
-3
Let f = 1 + 0. Let u(p) = -4*p - 1. Let c be u(f). Let j(s) = s**3 + 6*s**2 + 7*s + 4. Determine j(c).
-6
Let k(c) = -c**2 - 5*c + 2. Let t(m) = m**3 + 7*m**2 + 6*m - 6. Let d be t(-6). What is k(d)?
-4
Let h(i) = i. Let z = 5 - 7. Let r be (2 + z)/(4/2). Let m be -1 - r*1/(-2). Determine h(m).
-1
Let l(c) = c**3 + 5*c**2 + c + 4. Suppose 3*a + 0 = 6. Let j be (-5 + -2 + a)/1. Give l(j).
-1
Let a(z) = z**2 + 8*z - 7. Suppose 5*v = v - 3*k - 36, 2*v + 18 = -2*k. Let w be a(v). Let n(u) = -3*u - 1 + w*u**2 + 2*u - u**2. Determine n(-1).
1
Let f(i) = -7*i**3 + 2*i**2 - 2*i + 1. Let q(b) = b**2 - b - 4. Let l be q(3). Suppose 6 = l*h - 10. Let j be 10/h + 4/(-16). What is f(j)?
-6
Let o(n) = 6 - n**2 + n - 2*n**2 - 2 + 2*n**2. Let g be (-1)/4 - (-22)/(-8). Determine o(g).
-8
Let y = 1 + -11. Let z be y/(5/(5/2)). Let n(h) = 2*h - 2*h + 3*h + 4. Calculate n(z).
-11
Let p(m) = m**2 - 10*m + 1. Let z(r) = -2*r**2 + 20*r - 2. Let l(b) = -13*p(b) - 6*z(b). Give l(9).
8
Let t(r) = -5*r**2 + 9*r - 2. Let x be 2/1*51/(-6). Let l(m) = 14*m**2 - 26*m + 6. Let z(p) = x*t(p) - 6*l(p). What is z(-2)?
-4
Let s = 3 - 0. Let f(m) = m**2 - 3*m. What is f(s)?
0
Suppose -2*v - 29 = 5*a, 4*a + 28 = -2*v - 2*v. Let i(w) = -3*w**3 - 2*w**2 + w - 2. What is i(v)?
12
Suppose 5*h - 25 = -0*h. Let m(r) = r**3 - r**2 - r. Let w(c) = -3*c**3 - c**2 + 7*c - 6. Let o(n) = -4*m(n) - w(n). Determine o(h).
-9
Let d = -34 - -31. Let g(j) = 7*j**3 + 10*j**2 + 11*j + 10. Suppose 2*b - b - 6 = 0. Let c(q) = q**3 + q**2 + q + 1. Let x(t) = b*c(t) - g(t). Calculate x(d).
2
Let t(r) = 4*r + 1. Let l(v) = 2*v - 25. Let k be l(12). Give t(k).
-3
Let y = 11 + -10. Let n(q) = -1 + q - 8*q**3 + 9*q**3 - 10*q**3. Calculate n(y).
-9
Let u be 3 - (-2 + 2 - 1). Suppose -4*h = u*d - 2*d - 4, -2*d + h = -9. Let a(m) = -m**3 + 3*m**2 + 4*m + 1. Give a(d).
1
Suppose -6 = 2*i - 3*c, -4*c = -3*c - 2. Let h be i*(-3 + 0)/(-6). Let l(r) = r - 6. What is l(h)?
-6
Let r be ((-4)/(-5))/(2/(-15)). Let d = -3 - -5. Let q(p) = d + 4 + p + 1 + 1. Calculate q(r).
2
Let m(f) = f**3 + 2*f**2 - 2*f. Let o be (2/(-4))/((-3)/(-24)). Let x be 9/6*o/3. What is m(x)?
4
Let p(o) = 6*o - 6. Let z = 85 - 81. Determine p(z).
18
Let q(t) = -4*t**2 + t + 4. Let r(m) = -m**2. Let h(x) = q(x) - 3*r(x). What is h(3)?
-2
Let p = -20 + 22. Let t(k) = -6*k**p + 2 + k - k**3 - 5 + 2*k**3. What is t(6)?
3
Let i(k) = k**2 + k + 2. Let g(t) = -t**2 + 12*t - 18. Let j be g(10). Calculate i(j).
8
Let c(u) = u**2 + 7*u - 3. Suppose -9*l = 6 + 30. Calculate c(l).
-15
Let r(a) = 8*a + 14. Let c be (-6)/9*9/(-6). Let q(o) = c + o - 4*o - 6. Let u(w) = 11*q(w) + 4*r(w). What is u(-4)?
5
Let i be (-29)/(-5) - (-2)/10. Let h(l) = -l**2 + 5 + l**2 - l**3 - 3*l**2 + i*l. Suppose 0 = 9*k - 23*k - 56. Give h(k).
-3
Let f = -64 - -60. Let m(v) = -v**3 - 5*v**2 + 1. What is m(f)?
-15
Let o(f) = f**3 - 3*f**2 - f + 1. Let q be -3 - 7*(3 - 7)/4. Give o(q).
13
Let y(i) = 3*i - 8. Let n(b) = b. Let a(q) = -2*n(q) + y(q). Give a(5).
-3
Suppose -f + 7 = 3. Let k(u) = 2 - 2*u + 8*u + 2*u**2 - f*u. Give k(-2).
6
Suppose -4*n - 5*b = -b + 8, 0 = -4*n - 2*b. Let m(i) = -7*i**2 - 2. Determine m(n).
-30
Let j(r) = 2 - 6*r + 10*r**2 + 1 - 6*r**3 + r. Let t(m) = -m**3 + m**2 - m. Let u(d) = j(d) - 5*t(d). What is u(5)?
3
Let r(i) = 14*i - 17. Let o(f) = -5*f + 6. Let q(w) = 11*o(w) + 4*r(w). Let t be (-58)/(-10) + 1/5. Calculate q(t).
4
Let r(b) be the first derivative of -3*b - 2*b**2 + 1/3*b**3 + 4. What is r(4)?
-3
Suppose -117*m + 114*m = 18. Let d(o) = o**2 + 6*o + 5. What is d(m)?
5
Suppose -4*f - 1 + 9 = p, -4*p - 16 = 0. Let s(w) = 2*w - f*w + w**2 + 1 - 1. Give s(0).
0
Let r(x) = x**2 - 5. Let l(h) = 2*h**2 - 4. Let y(s) = 6*l(s) - 5*r(s). Determine y(1).
8
Let a(k) be the third derivative of 0 + 0*k**3 - 4*k**2 + 1/12*k**4 + 0*k. Let g be (1/2)/((-1)/(-4)). Calculate a(g).
4
Let k(l) = l**3 - l**2 - 17. Let b = 26 + -26. What is k(b)?
-17
Let x(j) = j**2 - 5*j + 3. Let g(n) = -5*n**2 + 24*n - 1